3688?
7
Calculate the highest common factor of 754368 and 3264.
192
Calculate the greatest common divisor of 27331815 and 1043.
1043
What is the greatest common divisor of 4760 and 910?
70
What is the greatest common factor of 874 and 15548?
46
Calculate the highest common factor of 12282 and 4922.
46
What is the greatest common factor of 20768 and 110?
22
Calculate the highest common divisor of 6336 and 28006.
22
What is the greatest common factor of 57028 and 16?
4
What is the greatest common divisor of 1100 and 10648?
44
Calculate the greatest common divisor of 2295 and 18819.
459
Calculate the greatest common divisor of 89241 and 7683.
591
Calculate the highest common divisor of 2414 and 39334.
142
Calculate the greatest common divisor of 24850 and 11200.
350
What is the greatest common divisor of 8587 and 713?
31
Calculate the greatest common factor of 872613 and 756.
189
What is the greatest common divisor of 835 and 8870?
5
Calculate the greatest common factor of 289935 and 540.
45
What is the greatest common divisor of 25296 and 46656?
48
Calculate the greatest common divisor of 3762 and 13761.
99
Calculate the greatest common factor of 20865 and 25.
5
Calculate the greatest common divisor of 2954 and 170910.
422
Calculate the greatest common divisor of 259637 and 77.
7
What is the highest common factor of 81081 and 45?
9
What is the highest common factor of 12 and 65676?
12
Calculate the highest common divisor of 285204 and 72.
12
What is the highest common divisor of 1133 and 6347?
11
Calculate the highest common factor of 140 and 13540.
20
Calculate the highest common factor of 92983 and 15301.
1177
Calculate the highest common factor of 12294 and 1193201.
683
Calculate the highest common divisor of 1065 and 144.
3
Calculate the greatest common divisor of 3990 and 196.
14
What is the greatest common divisor of 105371 and 7?
7
Calculate the greatest common divisor of 1668 and 162.
6
Calculate the highest common factor of 6753005 and 915.
305
What is the greatest common divisor of 315 and 121135?
35
Calculate the greatest common divisor of 372 and 33.
3
What is the greatest common divisor of 50 and 189775?
25
Calculate the highest common factor of 2014 and 456.
38
What is the greatest common factor of 246512 and 1232?
112
What is the greatest common factor of 327149 and 4279?
389
Calculate the highest common divisor of 198 and 6723684.
198
Calculate the greatest common factor of 1287 and 15543.
99
What is the greatest common divisor of 126 and 8456?
14
What is the highest common divisor of 1100 and 3367100?
1100
What is the greatest common factor of 164052 and 1296?
108
What is the greatest common divisor of 184545 and 405?
135
What is the highest common divisor of 16145 and 10?
5
What is the highest common divisor of 7084244 and 93?
31
Calculate the highest common divisor of 51387 and 9660.
21
What is the highest common divisor of 270 and 1644030?
270
What is the greatest common divisor of 5088 and 21942?
318
What is the highest common factor of 224347 and 93?
31
What is the greatest common divisor of 337338 and 1350?
54
Calculate the greatest common factor of 82863 and 62.
31
Calculate the greatest common factor of 81 and 301239.
81
What is the greatest common factor of 72 and 6891?
3
What is the greatest common divisor of 54 and 44586?
18
Calculate the highest common divisor of 391008 and 72.
24
Calculate the greatest common factor of 16704 and 3168.
288
Calculate the greatest common divisor of 234076 and 421.
421
What is the greatest common factor of 935 and 629?
17
What is the highest common divisor of 322454 and 682?
22
Calculate the greatest common divisor of 155058 and 516.
258
What is the highest common divisor of 67710 and 47730?
1110
What is the greatest common factor of 14 and 34622?
14
What is the highest common divisor of 778656 and 16?
16
Calculate the greatest common divisor of 28935 and 90.
45
Calculate the highest common factor of 180 and 433332.
36
What is the greatest common divisor of 400 and 7900?
100
Calculate the greatest common factor of 9422 and 5558.
14
What is the greatest common divisor of 63 and 1981?
7
What is the highest common factor of 1309592 and 27544?
2504
Calculate the greatest common divisor of 59505 and 15.
15
Calculate the greatest common factor of 5159 and 154.
77
What is the greatest common factor of 214 and 174?
2
Calculate the greatest common divisor of 2134 and 18430.
194
What is the greatest common divisor of 192 and 4801824?
96
Calculate the greatest common factor of 21014 and 434.
14
What is the highest common factor of 1886133 and 4743?
1581
Calculate the greatest common divisor of 100 and 180.
20
Calculate the highest common factor of 133392 and 28.
28
What is the highest common divisor of 6174 and 13086?
18
What is the highest common factor of 886 and 4?
2
What is the highest common divisor of 504324 and 36?
36
Calculate the highest common divisor of 29606 and 2260.
226
What is the greatest common factor of 376 and 48128?
376
Calculate the highest common factor of 10168 and 205.
41
What is the greatest common factor of 124 and 906316?
124
Calculate the greatest common factor of 3545 and 485.
5
What is the highest common divisor of 699600 and 2703?
159
What is the highest common divisor of 8734 and 12307?
397
Calculate the greatest common divisor of 7443 and 1503.
9
Calculate the greatest common factor of 70 and 8834.
14
Calculate the highest common factor of 1095025 and 25.
25
What is the greatest common factor of 9526396 and 44?
44
What is the highest common factor of 12 and 38028?
12
What is the highest common divisor of 52904 and 119?
17
Calculate the highest common divisor of 119232 and 9108.
828
Calculate the highest common factor of 31 and 24707.
31
What is the greatest common factor of 68685 and 33740?
1205
Calculate the highest common divisor of 37942 and 122.
122
Calculate the greatest common divisor of 264 and 50424.
264
Calculate the highest common factor of 29008 and 13328.
784
Calculate the highest common factor of 223720 and 26520.
680
What is the highest common factor of 4726 and 622442?
278
Calculate the greatest common factor of 2086 and 5725027.
1043
Calculate the greatest common factor of 87863 and 164.
41
Calculate the highest common factor of 7206446 and 806.
806
Calculate the greatest common factor of 253 and 1199.
11
What is the greatest common divisor of 3290 and 1833?
47
What is the greatest common factor of 180260 and 40?
20
Calculate the greatest common factor of 130815 and 27.
27
Calculate the greatest common factor of 6561 and 9720.
243
Calculate the greatest common factor of 3067848 and 24.
24
Calculate the highest common divisor of 107280 and 5513.
149
What is the greatest common divisor of 405 and 799551?
81
Calculate the greatest common divisor of 19 and 153691.
19
What is the greatest common factor of 228 and 167124?
228
What is the greatest common factor of 1560 and 35?
5
Calculate the greatest common factor of 7956 and 6851.
221
What is the greatest common divisor of 119416 and 8437?
649
Calculate the greatest common divisor of 58 and 133487.
29
Calculate the greatest common factor of 289872 and 242.
22
Calculate the highest common factor of 162972 and 324.
324
What is the highest common divisor of 7 and 868861?
7
Calculate the highest common factor of 352 and 61380.
44
Calculate the highest common factor of 10944 and 208.
16
What is the greatest common factor of 12 and 60681?
3
Calculate the highest common divisor of 252864 and 384.
192
What is the greatest common divisor of 2786 and 5174?
398
What is the greatest common factor of 108 and 8668?
4
What is the greatest common factor of 15870 and 100?
10
Calculate the highest common divisor of 34037 and 3707.
337
Calculate the greatest common factor of 86 and 37711.
43
What is the highest common factor of 6771404 and 409?
409
What is the greatest common factor of 246590 and 40?
10
Calculate the highest common divisor of 123 and 180974.
41
What is the greatest common factor of 315 and 510885?
45
Calculate the highest common divisor of 15 and 24429.
3
What is the highest common divisor of 1332 and 7056?
36
What is the highest common factor of 155366 and 524?
262
What is the highest common divisor 